{"id":2710,"date":"2020-07-17T18:11:09","date_gmt":"2020-07-17T16:11:09","guid":{"rendered":"https:\/\/test.iridia.cat\/?page_id=2710"},"modified":"2025-10-06T12:46:33","modified_gmt":"2025-10-06T10:46:33","slug":"balance-social","status":"publish","type":"page","link":"https:\/\/iridia.cat\/es\/balance-social\/","title":{"rendered":"Balance Social"},"content":{"rendered":"<div class=\"wpb-content-wrapper\"><p>[vc_row el_class=&#8221;ird-section&#8221;][vc_column][vc_row_inner][vc_column_inner width=&#8221;4\/12&#8243;][mu_heading source=&#8221;post_title&#8221;][mu_image image=&#8221;11631&#8243;][\/vc_column_inner][vc_column_inner width=&#8221;7\/12&#8243;][mu_text_block]El <a href=\"https:\/\/xes.cat\/comissions\/balanc-social\/\">Balance Social<\/a> es una herramienta de rendici\u00f3n de cuentas y medida de impacto social, ambiental y de buen gobierno. Las organizaciones que lo hacen pueden utilizar los resultados para mejorar internamente y nos permite tener datos agregados de los est\u00e1ndares \u00e9ticos de la econom\u00eda solidaria y el Mercado Social. El Balance Social eval\u00faa de forma sistem\u00e1tica, objetiva y peri\u00f3dica <strong>seis grandes caracter\u00edsticas<\/strong> de toda empresa o entidad que quiera ser socialmente responsable: <strong>el funcionamiento econ\u00f3mico y la pol\u00edtica de lucro, la perspectiva de g\u00e9nero, la equidad y la democracia interna, la sostenibilidad ambiental, el compromiso social y la cooperaci\u00f3n, y la calidad del trabajo<\/strong>.[\/mu_text_block][\/vc_column_inner][\/vc_row_inner][\/vc_column][\/vc_row][vc_row el_class=&#8221;ird-section&#8221;][vc_column][vc_row_inner][vc_column_inner width=&#8221;4\/12&#8243;][iridia_section_title][\/vc_column_inner][vc_column_inner width=&#8221;7\/12&#8243;][mu_text_block]<a href=\"https:\/\/iridia.cat\/wp-content\/uploads\/2025\/10\/Informe-Balanc-Social-2024.pdf\">+ Balance Social 2024 [CAT]<\/a><\/p>\n<p><a href=\"https:\/\/iridia.cat\/wp-content\/uploads\/2025\/05\/Balanc-Social-2023.pdf\">+ Balance Social 2023 [CAT]<\/a><\/p>\n<p><a href=\"https:\/\/iridia.cat\/wp-content\/uploads\/2023\/10\/Balanc-Social-2022.pdf\">+ Balance Social 2022 [CAT]<\/a><\/p>\n<p><a href=\"https:\/\/iridia.cat\/wp-content\/uploads\/2022\/12\/Resultats-Balanc-Social-2021.pdf\">+ Balance Social 2021 [CAT]<\/a><\/p>\n<p><a href=\"https:\/\/iridia.cat\/es\/balance-social\/balanc-social-2020-2\/\" rel=\"attachment wp-att-4025\">+ Balance Social 2020 [CAT]<\/a><\/p>\n<p><a href=\"https:\/\/iridia.cat\/es\/balance-social\/resultats-balanc-social-2019-numerics-2\/\" rel=\"attachment wp-att-2839\">+ Balance Social 2019 [CAT]<\/a><\/p>\n<p><a href=\"https:\/\/iridia.cat\/es\/?attachment_id=1428\" rel=\"attachment wp-att-1426\">+ Balance Social 2018 [CAT]<\/a><\/p>\n<p><a href=\"https:\/\/iridia.cat\/es\/?attachment_id=1425\" rel=\"attachment wp-att-1423\">+ Balance Social 2017 [CAT]<\/a>[\/mu_text_block][\/vc_column_inner][\/vc_row_inner][\/vc_column][\/vc_row]<\/p>\n<\/div>","protected":false},"excerpt":{"rendered":"<p>[vc_row el_class=&#8221;ird-section&#8221;][vc_column][vc_row_inner][vc_column_inner width=&#8221;4\/12&#8243;][mu_heading source=&#8221;post_title&#8221;][mu_image image=&#8221;11631&#8243;][\/vc_column_inner][vc_column_inner width=&#8221;7\/12&#8243;][mu_text_block]El Balance Social es una herramienta de rendici\u00f3n de cuentas y medida de impacto social, ambiental y de buen gobierno. Las organizaciones que lo hacen pueden utilizar los resultados para mejorar internamente y nos permite tener datos agregados de los est\u00e1ndares \u00e9ticos de la econom\u00eda solidaria y el Mercado Social. [&hellip;]<\/p>\n","protected":false},"author":2,"featured_media":6161,"parent":0,"menu_order":0,"comment_status":"closed","ping_status":"closed","template":"","meta":{"_acf_changed":false,"footnotes":""},"tags":[],"class_list":["post-2710","page","type-page","status-publish","has-post-thumbnail","hentry"],"acf":[],"yoast_head":"<!-- This site is optimized with the Yoast SEO plugin v27.4 - https:\/\/yoast.com\/product\/yoast-seo-wordpress\/ -->\n<title>Balance Social - Ir\u00eddia<\/title>\n<meta name=\"robots\" content=\"index, follow, max-snippet:-1, max-image-preview:large, max-video-preview:-1\" \/>\n<link rel=\"canonical\" href=\"https:\/\/iridia.cat\/es\/balance-social\/\" \/>\n<meta property=\"og:locale\" content=\"es_ES\" \/>\n<meta property=\"og:type\" content=\"article\" \/>\n<meta property=\"og:title\" content=\"Balance Social - Ir\u00eddia\" \/>\n<meta property=\"og:description\" content=\"[vc_row el_class=&#8221;ird-section&#8221;][vc_column][vc_row_inner][vc_column_inner width=&#8221;4\/12&#8243;][mu_heading source=&#8221;post_title&#8221;][mu_image image=&#8221;11631&#8243;][\/vc_column_inner][vc_column_inner width=&#8221;7\/12&#8243;][mu_text_block]El Balance Social es una herramienta de rendici\u00f3n de cuentas y medida de impacto social, ambiental y de buen gobierno. Las organizaciones que lo hacen pueden utilizar los resultados para mejorar internamente y nos permite tener datos agregados de los est\u00e1ndares \u00e9ticos de la econom\u00eda solidaria y el Mercado Social. [&hellip;]\" \/>\n<meta property=\"og:url\" content=\"https:\/\/iridia.cat\/es\/balance-social\/\" \/>\n<meta property=\"og:site_name\" content=\"Ir\u00eddia\" \/>\n<meta property=\"article:modified_time\" content=\"2025-10-06T10:46:33+00:00\" \/>\n<meta property=\"og:image\" content=\"https:\/\/iridia.cat\/wp-content\/uploads\/2023\/01\/Balanc-Social.png\" \/>\n\t<meta property=\"og:image:width\" content=\"1007\" \/>\n\t<meta property=\"og:image:height\" content=\"548\" \/>\n\t<meta property=\"og:image:type\" content=\"image\/png\" \/>\n<meta name=\"twitter:card\" content=\"summary_large_image\" \/>\n<meta name=\"twitter:label1\" content=\"Est. reading time\" \/>\n\t<meta name=\"twitter:data1\" content=\"2 minutes\" \/>\n<script type=\"application\/ld+json\" class=\"yoast-schema-graph\">{\"@context\":\"https:\\\/\\\/schema.org\",\"@graph\":[{\"@type\":\"WebPage\",\"@id\":\"https:\\\/\\\/iridia.cat\\\/es\\\/balance-social\\\/\",\"url\":\"https:\\\/\\\/iridia.cat\\\/es\\\/balance-social\\\/\",\"name\":\"Balance Social - Ir\u00eddia\",\"isPartOf\":{\"@id\":\"https:\\\/\\\/test.iridia.cat\\\/#website\"},\"primaryImageOfPage\":{\"@id\":\"https:\\\/\\\/iridia.cat\\\/es\\\/balance-social\\\/#primaryimage\"},\"image\":{\"@id\":\"https:\\\/\\\/iridia.cat\\\/es\\\/balance-social\\\/#primaryimage\"},\"thumbnailUrl\":\"https:\\\/\\\/iridia.cat\\\/wp-content\\\/uploads\\\/2023\\\/01\\\/Balanc-Social.png\",\"datePublished\":\"2020-07-17T16:11:09+00:00\",\"dateModified\":\"2025-10-06T10:46:33+00:00\",\"breadcrumb\":{\"@id\":\"https:\\\/\\\/iridia.cat\\\/es\\\/balance-social\\\/#breadcrumb\"},\"inLanguage\":\"es-ES\",\"potentialAction\":[{\"@type\":\"ReadAction\",\"target\":[\"https:\\\/\\\/iridia.cat\\\/es\\\/balance-social\\\/\"]}]},{\"@type\":\"ImageObject\",\"inLanguage\":\"es-ES\",\"@id\":\"https:\\\/\\\/iridia.cat\\\/es\\\/balance-social\\\/#primaryimage\",\"url\":\"https:\\\/\\\/iridia.cat\\\/wp-content\\\/uploads\\\/2023\\\/01\\\/Balanc-Social.png\",\"contentUrl\":\"https:\\\/\\\/iridia.cat\\\/wp-content\\\/uploads\\\/2023\\\/01\\\/Balanc-Social.png\",\"width\":1007,\"height\":548},{\"@type\":\"BreadcrumbList\",\"@id\":\"https:\\\/\\\/iridia.cat\\\/es\\\/balance-social\\\/#breadcrumb\",\"itemListElement\":[{\"@type\":\"ListItem\",\"position\":1,\"name\":\"Inici\",\"item\":\"https:\\\/\\\/iridia.cat\\\/es\\\/\"},{\"@type\":\"ListItem\",\"position\":2,\"name\":\"Balance Social\"}]},{\"@type\":\"WebSite\",\"@id\":\"https:\\\/\\\/test.iridia.cat\\\/#website\",\"url\":\"https:\\\/\\\/test.iridia.cat\\\/\",\"name\":\"Ir\u00eddia\",\"description\":\"\",\"publisher\":{\"@id\":\"https:\\\/\\\/test.iridia.cat\\\/#organization\"},\"potentialAction\":[{\"@type\":\"SearchAction\",\"target\":{\"@type\":\"EntryPoint\",\"urlTemplate\":\"https:\\\/\\\/test.iridia.cat\\\/?s={search_term_string}\"},\"query-input\":{\"@type\":\"PropertyValueSpecification\",\"valueRequired\":true,\"valueName\":\"search_term_string\"}}],\"inLanguage\":\"es-ES\"},{\"@type\":\"Organization\",\"@id\":\"https:\\\/\\\/test.iridia.cat\\\/#organization\",\"name\":\"Ir\u00eddia\",\"url\":\"https:\\\/\\\/test.iridia.cat\\\/\",\"logo\":{\"@type\":\"ImageObject\",\"inLanguage\":\"es-ES\",\"@id\":\"https:\\\/\\\/test.iridia.cat\\\/#\\\/schema\\\/logo\\\/image\\\/\",\"url\":\"https:\\\/\\\/iridia.cat\\\/wp-content\\\/uploads\\\/2022\\\/10\\\/avatar_iridia.png\",\"contentUrl\":\"https:\\\/\\\/iridia.cat\\\/wp-content\\\/uploads\\\/2022\\\/10\\\/avatar_iridia.png\",\"width\":740,\"height\":220,\"caption\":\"Ir\u00eddia\"},\"image\":{\"@id\":\"https:\\\/\\\/test.iridia.cat\\\/#\\\/schema\\\/logo\\\/image\\\/\"}}]}<\/script>\n<!-- \/ Yoast SEO plugin. -->","yoast_head_json":{"title":"Balance Social - Ir\u00eddia","robots":{"index":"index","follow":"follow","max-snippet":"max-snippet:-1","max-image-preview":"max-image-preview:large","max-video-preview":"max-video-preview:-1"},"canonical":"https:\/\/iridia.cat\/es\/balance-social\/","og_locale":"es_ES","og_type":"article","og_title":"Balance Social - Ir\u00eddia","og_description":"[vc_row el_class=&#8221;ird-section&#8221;][vc_column][vc_row_inner][vc_column_inner width=&#8221;4\/12&#8243;][mu_heading source=&#8221;post_title&#8221;][mu_image image=&#8221;11631&#8243;][\/vc_column_inner][vc_column_inner width=&#8221;7\/12&#8243;][mu_text_block]El Balance Social es una herramienta de rendici\u00f3n de cuentas y medida de impacto social, ambiental y de buen gobierno. Las organizaciones que lo hacen pueden utilizar los resultados para mejorar internamente y nos permite tener datos agregados de los est\u00e1ndares \u00e9ticos de la econom\u00eda solidaria y el Mercado Social. [&hellip;]","og_url":"https:\/\/iridia.cat\/es\/balance-social\/","og_site_name":"Ir\u00eddia","article_modified_time":"2025-10-06T10:46:33+00:00","og_image":[{"width":1007,"height":548,"url":"https:\/\/iridia.cat\/wp-content\/uploads\/2023\/01\/Balanc-Social.png","type":"image\/png"}],"twitter_card":"summary_large_image","twitter_misc":{"Est. reading time":"2 minutes"},"schema":{"@context":"https:\/\/schema.org","@graph":[{"@type":"WebPage","@id":"https:\/\/iridia.cat\/es\/balance-social\/","url":"https:\/\/iridia.cat\/es\/balance-social\/","name":"Balance Social - Ir\u00eddia","isPartOf":{"@id":"https:\/\/test.iridia.cat\/#website"},"primaryImageOfPage":{"@id":"https:\/\/iridia.cat\/es\/balance-social\/#primaryimage"},"image":{"@id":"https:\/\/iridia.cat\/es\/balance-social\/#primaryimage"},"thumbnailUrl":"https:\/\/iridia.cat\/wp-content\/uploads\/2023\/01\/Balanc-Social.png","datePublished":"2020-07-17T16:11:09+00:00","dateModified":"2025-10-06T10:46:33+00:00","breadcrumb":{"@id":"https:\/\/iridia.cat\/es\/balance-social\/#breadcrumb"},"inLanguage":"es-ES","potentialAction":[{"@type":"ReadAction","target":["https:\/\/iridia.cat\/es\/balance-social\/"]}]},{"@type":"ImageObject","inLanguage":"es-ES","@id":"https:\/\/iridia.cat\/es\/balance-social\/#primaryimage","url":"https:\/\/iridia.cat\/wp-content\/uploads\/2023\/01\/Balanc-Social.png","contentUrl":"https:\/\/iridia.cat\/wp-content\/uploads\/2023\/01\/Balanc-Social.png","width":1007,"height":548},{"@type":"BreadcrumbList","@id":"https:\/\/iridia.cat\/es\/balance-social\/#breadcrumb","itemListElement":[{"@type":"ListItem","position":1,"name":"Inici","item":"https:\/\/iridia.cat\/es\/"},{"@type":"ListItem","position":2,"name":"Balance Social"}]},{"@type":"WebSite","@id":"https:\/\/test.iridia.cat\/#website","url":"https:\/\/test.iridia.cat\/","name":"Ir\u00eddia","description":"","publisher":{"@id":"https:\/\/test.iridia.cat\/#organization"},"potentialAction":[{"@type":"SearchAction","target":{"@type":"EntryPoint","urlTemplate":"https:\/\/test.iridia.cat\/?s={search_term_string}"},"query-input":{"@type":"PropertyValueSpecification","valueRequired":true,"valueName":"search_term_string"}}],"inLanguage":"es-ES"},{"@type":"Organization","@id":"https:\/\/test.iridia.cat\/#organization","name":"Ir\u00eddia","url":"https:\/\/test.iridia.cat\/","logo":{"@type":"ImageObject","inLanguage":"es-ES","@id":"https:\/\/test.iridia.cat\/#\/schema\/logo\/image\/","url":"https:\/\/iridia.cat\/wp-content\/uploads\/2022\/10\/avatar_iridia.png","contentUrl":"https:\/\/iridia.cat\/wp-content\/uploads\/2022\/10\/avatar_iridia.png","width":740,"height":220,"caption":"Ir\u00eddia"},"image":{"@id":"https:\/\/test.iridia.cat\/#\/schema\/logo\/image\/"}}]}},"_links":{"self":[{"href":"https:\/\/iridia.cat\/es\/wp-json\/wp\/v2\/pages\/2710","targetHints":{"allow":["GET"]}}],"collection":[{"href":"https:\/\/iridia.cat\/es\/wp-json\/wp\/v2\/pages"}],"about":[{"href":"https:\/\/iridia.cat\/es\/wp-json\/wp\/v2\/types\/page"}],"author":[{"embeddable":true,"href":"https:\/\/iridia.cat\/es\/wp-json\/wp\/v2\/users\/2"}],"replies":[{"embeddable":true,"href":"https:\/\/iridia.cat\/es\/wp-json\/wp\/v2\/comments?post=2710"}],"version-history":[{"count":13,"href":"https:\/\/iridia.cat\/es\/wp-json\/wp\/v2\/pages\/2710\/revisions"}],"predecessor-version":[{"id":11248,"href":"https:\/\/iridia.cat\/es\/wp-json\/wp\/v2\/pages\/2710\/revisions\/11248"}],"wp:featuredmedia":[{"embeddable":true,"href":"https:\/\/iridia.cat\/es\/wp-json\/wp\/v2\/media\/6161"}],"wp:attachment":[{"href":"https:\/\/iridia.cat\/es\/wp-json\/wp\/v2\/media?parent=2710"}],"wp:term":[{"taxonomy":"post_tag","embeddable":true,"href":"https:\/\/iridia.cat\/es\/wp-json\/wp\/v2\/tags?post=2710"}],"curies":[{"name":"wp","href":"https:\/\/api.w.org\/{rel}","templated":true}]}}

<div class="wpb-content-wrapper"><p>[vc_row el_class=&#8221;ird-section&#8221;][vc_column][vc_row_inner][vc_column_inner width=&#8221;4/12&#8243;][mu_heading source=&#8221;post_title&#8221;][mu_image image=&#8221;11631&#8243;][/vc_column_inner][vc_column_inner width=&#8221;7/12&#8243;][mu_text_block]El <a href="https://xes.cat/comissions/balanc-social/">Balance Social</a> es una herramienta de rendición de cuentas y medida de impacto social, ambiental y de buen gobierno. Las organizaciones que lo hacen pueden utilizar los resultados para mejorar internamente y nos permite tener datos agregados de los estándares éticos de la economía solidaria y el Mercado Social. El Balance Social evalúa de forma sistemática, objetiva y periódica <strong>seis grandes características</strong> de toda empresa o entidad que quiera ser socialmente responsable: <strong>el funcionamiento económico y la política de lucro, la perspectiva de género, la equidad y la democracia interna, la sostenibilidad ambiental, el compromiso social y la cooperación, y la calidad del trabajo</strong>.[/mu_text_block][/vc_column_inner][/vc_row_inner][/vc_column][/vc_row][vc_row el_class=&#8221;ird-section&#8221;][vc_column][vc_row_inner][vc_column_inner width=&#8221;4/12&#8243;][iridia_section_title][/vc_column_inner][vc_column_inner width=&#8221;7/12&#8243;][mu_text_block]<a href="https://iridia.cat/wp-content/uploads/2025/10/Informe-Balanc-Social-2024.pdf">+ Balance Social 2024 [CAT]</a></p>
<p><a href="https://iridia.cat/wp-content/uploads/2025/05/Balanc-Social-2023.pdf">+ Balance Social 2023 [CAT]</a></p>
<p><a href="https://iridia.cat/wp-content/uploads/2023/10/Balanc-Social-2022.pdf">+ Balance Social 2022 [CAT]</a></p>
<p><a href="https://iridia.cat/wp-content/uploads/2022/12/Resultats-Balanc-Social-2021.pdf">+ Balance Social 2021 [CAT]</a></p>
<p><a href="https://iridia.cat/es/balance-social/balanc-social-2020-2/" rel="attachment wp-att-4025">+ Balance Social 2020 [CAT]</a></p>
<p><a href="https://iridia.cat/es/balance-social/resultats-balanc-social-2019-numerics-2/" rel="attachment wp-att-2839">+ Balance Social 2019 [CAT]</a></p>
<p><a href="https://iridia.cat/es/?attachment_id=1428" rel="attachment wp-att-1426">+ Balance Social 2018 [CAT]</a></p>
<p><a href="https://iridia.cat/es/?attachment_id=1425" rel="attachment wp-att-1423">+ Balance Social 2017 [CAT]</a>[/mu_text_block][/vc_column_inner][/vc_row_inner][/vc_column][/vc_row]</p>
</div>

<p>[vc_row el_class=&#8221;ird-section&#8221;][vc_column][vc_row_inner][vc_column_inner width=&#8221;4/12&#8243;][mu_heading source=&#8221;post_title&#8221;][mu_image image=&#8221;11631&#8243;][/vc_column_inner][vc_column_inner width=&#8221;7/12&#8243;][mu_text_block]El Balance Social es una herramienta de rendición de cuentas y medida de impacto social, ambiental y de buen gobierno. Las organizaciones que lo hacen pueden utilizar los resultados para mejorar internamente y nos permite tener datos agregados de los estándares éticos de la economía solidaria y el Mercado Social. [&hellip;]</p>

<!-- This site is optimized with the Yoast SEO plugin v27.4 - https://yoast.com/product/yoast-seo-wordpress/ -->
<title>Balance Social - Irídia</title>
<meta name="robots" content="index, follow, max-snippet:-1, max-image-preview:large, max-video-preview:-1" />
<link rel="canonical" href="https://iridia.cat/es/balance-social/" />
<meta property="og:locale" content="es_ES" />
<meta property="og:type" content="article" />
<meta property="og:title" content="Balance Social - Irídia" />
<meta property="og:description" content="[vc_row el_class=&#8221;ird-section&#8221;][vc_column][vc_row_inner][vc_column_inner width=&#8221;4/12&#8243;][mu_heading source=&#8221;post_title&#8221;][mu_image image=&#8221;11631&#8243;][/vc_column_inner][vc_column_inner width=&#8221;7/12&#8243;][mu_text_block]El Balance Social es una herramienta de rendición de cuentas y medida de impacto social, ambiental y de buen gobierno. Las organizaciones que lo hacen pueden utilizar los resultados para mejorar internamente y nos permite tener datos agregados de los estándares éticos de la economía solidaria y el Mercado Social. [&hellip;]" />
<meta property="og:url" content="https://iridia.cat/es/balance-social/" />
<meta property="og:site_name" content="Irídia" />
<meta property="article:modified_time" content="2025-10-06T10:46:33+00:00" />
<meta property="og:image" content="https://iridia.cat/wp-content/uploads/2023/01/Balanc-Social.png" />
	<meta property="og:image:width" content="1007" />
	<meta property="og:image:height" content="548" />
	<meta property="og:image:type" content="image/png" />
<meta name="twitter:card" content="summary_large_image" />
<meta name="twitter:label1" content="Est. reading time" />
	<meta name="twitter:data1" content="2 minutes" />
<script type="application/ld+json" class="yoast-schema-graph">{"@context":"https:\/\/schema.org","@graph":[{"@type":"WebPage","@id":"https:\/\/iridia.cat\/es\/balance-social\/","url":"https:\/\/iridia.cat\/es\/balance-social\/","name":"Balance Social - Irídia","isPartOf":{"@id":"https:\/\/test.iridia.cat\/#website"},"primaryImageOfPage":{"@id":"https:\/\/iridia.cat\/es\/balance-social\/#primaryimage"},"image":{"@id":"https:\/\/iridia.cat\/es\/balance-social\/#primaryimage"},"thumbnailUrl":"https:\/\/iridia.cat\/wp-content\/uploads\/2023\/01\/Balanc-Social.png","datePublished":"2020-07-17T16:11:09+00:00","dateModified":"2025-10-06T10:46:33+00:00","breadcrumb":{"@id":"https:\/\/iridia.cat\/es\/balance-social\/#breadcrumb"},"inLanguage":"es-ES","potentialAction":[{"@type":"ReadAction","target":["https:\/\/iridia.cat\/es\/balance-social\/"]}]},{"@type":"ImageObject","inLanguage":"es-ES","@id":"https:\/\/iridia.cat\/es\/balance-social\/#primaryimage","url":"https:\/\/iridia.cat\/wp-content\/uploads\/2023\/01\/Balanc-Social.png","contentUrl":"https:\/\/iridia.cat\/wp-content\/uploads\/2023\/01\/Balanc-Social.png","width":1007,"height":548},{"@type":"BreadcrumbList","@id":"https:\/\/iridia.cat\/es\/balance-social\/#breadcrumb","itemListElement":[{"@type":"ListItem","position":1,"name":"Inici","item":"https:\/\/iridia.cat\/es\/"},{"@type":"ListItem","position":2,"name":"Balance Social"}]},{"@type":"WebSite","@id":"https:\/\/test.iridia.cat\/#website","url":"https:\/\/test.iridia.cat\/","name":"Irídia","description":"","publisher":{"@id":"https:\/\/test.iridia.cat\/#organization"},"potentialAction":[{"@type":"SearchAction","target":{"@type":"EntryPoint","urlTemplate":"https:\/\/test.iridia.cat\/?s={search_term_string}"},"query-input":{"@type":"PropertyValueSpecification","valueRequired":true,"valueName":"search_term_string"}}],"inLanguage":"es-ES"},{"@type":"Organization","@id":"https:\/\/test.iridia.cat\/#organization","name":"Irídia","url":"https:\/\/test.iridia.cat\/","logo":{"@type":"ImageObject","inLanguage":"es-ES","@id":"https:\/\/test.iridia.cat\/#\/schema\/logo\/image\/","url":"https:\/\/iridia.cat\/wp-content\/uploads\/2022\/10\/avatar_iridia.png","contentUrl":"https:\/\/iridia.cat\/wp-content\/uploads\/2022\/10\/avatar_iridia.png","width":740,"height":220,"caption":"Irídia"},"image":{"@id":"https:\/\/test.iridia.cat\/#\/schema\/logo\/image\/"}}]}</script>
<!-- / Yoast SEO plugin. -->

Balance Social - Irídia

[vc_row el_class=&#8221;ird-section&#8221;][vc_column][vc_row_inner][vc_column_inner width=&#8221;4/12&#8243;][mu_heading source=&#8221;post_title&#8221;][mu_image image=&#8221;11631&#8243;][/vc_column_inner][vc_column_inner width=&#8221;7/12&#8243;][mu_text_block]El Balance Social es una herramienta de rendición de cuentas y medida de impacto social, ambiental y de buen gobierno. Las organizaciones que lo hacen pueden utilizar los resultados para mejorar internamente y nos permite tener datos agregados de los estándares éticos de la economía solidaria y el Mercado Social. [&hellip;]

Irídia
